{"id":8,"date":"2025-02-06T10:06:39","date_gmt":"2025-02-06T10:06:39","guid":{"rendered":"https:\/\/schulte-schmelter-stiftung.org\/?page_id=8"},"modified":"2025-07-28T18:46:28","modified_gmt":"2025-07-28T18:46:28","slug":"startseite","status":"publish","type":"page","link":"https:\/\/schulte-schmelter-stiftung.org\/","title":{"rendered":"Stiftung \/ Angebote"},"content":{"rendered":"\t\t<div data-elementor-type=\"wp-page\" data-elementor-id=\"8\" class=\"elementor elementor-8\" data-elementor-post-type=\"page\">\n\t\t\t\t<div class=\"elementor-element elementor-element-5de8763 elementor-hidden-desktop elementor-hidden-tablet e-flex e-con-boxed e-con e-parent\" data-id=\"5de8763\" data-element_type=\"container\">\n\t\t\t\t\t<div class=\"e-con-inner\">\n\t\t\t\t\t<\/div>\n\t\t\t\t<\/div>\n\t\t<div class=\"elementor-element elementor-element-8dbc2e1 e-con-full elementor-hidden-mobile e-flex e-con e-parent\" data-id=\"8dbc2e1\" data-element_type=\"container\" data-settings=\"{&quot;background_background&quot;:&quot;classic&quot;}\">\n\t\t\t\t<div class=\"elementor-element elementor-element-23fedbf elementor-widget__width-initial elementor-widget-mobile__width-inherit elementor-widget elementor-widget-heading\" data-id=\"23fedbf\" data-element_type=\"widget\" data-widget_type=\"heading.default\">\n\t\t\t\t<div class=\"elementor-widget-container\">\n\t\t\t\t\t<h2 class=\"elementor-heading-title elementor-size-default\">Schulte-Schmelter-Stiftung<\/h2>\t\t\t\t<\/div>\n\t\t\t\t<\/div>\n\t\t\t\t<div class=\"elementor-element elementor-element-93a7737 elementor-widget__width-initial elementor-invisible elementor-widget elementor-widget-text-editor\" data-id=\"93a7737\" data-element_type=\"widget\" data-settings=\"{&quot;_animation&quot;:&quot;fadeIn&quot;,&quot;_animation_delay&quot;:80}\" data-widget_type=\"text-editor.default\">\n\t\t\t\t<div class=\"elementor-widget-container\">\n\t\t\t\t\t\t\t\t\t<div class=\"wp-block-image\" data-wp-editing=\"1\"><img decoding=\"async\" class=\"wpa-warning wpa-image-missing-alt alignleft wp-image-1038\" src=\"https:\/\/schulte-schmelter-stiftung.org\/wp-content\/uploads\/2025\/06\/Screenshot-2025-06-12-204606-300x63.png\" alt=\"\" width=\"100\" height=\"21\" data-warning=\"Missing alt text\" srcset=\"https:\/\/schulte-schmelter-stiftung.org\/wp-content\/uploads\/2025\/06\/Screenshot-2025-06-12-204606-300x63.png 300w, https:\/\/schulte-schmelter-stiftung.org\/wp-content\/uploads\/2025\/06\/Screenshot-2025-06-12-204606-768x162.png 768w, https:\/\/schulte-schmelter-stiftung.org\/wp-content\/uploads\/2025\/06\/Screenshot-2025-06-12-204606.png 922w\" sizes=\"(max-width: 100px) 100vw, 100px\" \/>\u00a0<\/div>\t\t\t\t\t\t\t\t<\/div>\n\t\t\t\t<\/div>\n\t\t\t\t<div class=\"elementor-element elementor-element-ca2d68d elementor-widget__width-initial animated-slow elementor-widget-mobile__width-inherit elementor-invisible elementor-widget elementor-widget-text-editor\" data-id=\"ca2d68d\" data-element_type=\"widget\" data-settings=\"{&quot;_animation&quot;:&quot;fadeInLeft&quot;}\" data-widget_type=\"text-editor.default\">\n\t\t\t\t<div class=\"elementor-widget-container\">\n\t\t\t\t\t\t\t\t\t<p>Seit 2009 bieten wir in K\u00f6ln und im K\u00f6lner Umland station\u00e4re Jugendhilfe an.<br \/>Dabei war es uns immer ein Anliegen und Verpflichtung, Angebote zu schaffen, die inhaltlich und materiell einen Unterschied ausmachen.<\/p><p>In der konsequenten Orientierung an den Bedarfen der uns anvertrauten Kinder, konnten und k\u00f6nnen wir so gelingende Entwicklung erm\u00f6glichen, getreu unserem Motto:<\/p><p><strong>&#8222;Kinder verstehen &#8211; Zukunft er\u00f6ffnen&#8220;<\/strong><\/p><p>Auf dieser Seite k\u00f6nnen Sie sich \u00fcber unser Wirken informieren.<\/p>\t\t\t\t\t\t\t\t<\/div>\n\t\t\t\t<\/div>\n\t\t\t\t<div class=\"elementor-element elementor-element-d3e50a5 elementor-align-right elementor-invisible elementor-widget elementor-widget-button\" data-id=\"d3e50a5\" data-element_type=\"widget\" data-settings=\"{&quot;_animation&quot;:&quot;fadeInRight&quot;}\" data-widget_type=\"button.default\">\n\t\t\t\t<div class=\"elementor-widget-container\">\n\t\t\t\t\t\t\t\t\t<div class=\"elementor-button-wrapper\">\n\t\t\t\t\t<a class=\"elementor-button elementor-button-link elementor-size-sm\" href=\"\/index.php\/stellenangebote-praktikum\/\">\n\t\t\t\t\t\t<span class=\"elementor-button-content-wrapper\">\n\t\t\t\t\t\t\t\t\t<span class=\"elementor-button-text\">Stellenangebote<\/span>\n\t\t\t\t\t<\/span>\n\t\t\t\t\t<\/a>\n\t\t\t\t<\/div>\n\t\t\t\t\t\t\t\t<\/div>\n\t\t\t\t<\/div>\n\t\t\t\t<\/div>\n\t\t<div class=\"elementor-element elementor-element-8e4b6ca e-con-full elementor-hidden-desktop elementor-hidden-tablet e-flex e-con e-parent\" data-id=\"8e4b6ca\" data-element_type=\"container\" data-settings=\"{&quot;background_background&quot;:&quot;classic&quot;}\">\n\t\t\t\t<div class=\"elementor-element elementor-element-a549a72 elementor-widget__width-initial elementor-widget-mobile__width-inherit elementor-widget elementor-widget-heading\" data-id=\"a549a72\" data-element_type=\"widget\" data-widget_type=\"heading.default\">\n\t\t\t\t<div class=\"elementor-widget-container\">\n\t\t\t\t\t<h2 class=\"elementor-heading-title elementor-size-default\">Schulte-Schmelter-Stiftung<\/h2>\t\t\t\t<\/div>\n\t\t\t\t<\/div>\n\t\t\t\t<div class=\"elementor-element elementor-element-a730a81 elementor-widget__width-initial elementor-invisible elementor-widget elementor-widget-text-editor\" data-id=\"a730a81\" data-element_type=\"widget\" data-settings=\"{&quot;_animation&quot;:&quot;fadeIn&quot;,&quot;_animation_delay&quot;:80}\" data-widget_type=\"text-editor.default\">\n\t\t\t\t<div class=\"elementor-widget-container\">\n\t\t\t\t\t\t\t\t\t<div class=\"wp-block-image\" data-wp-editing=\"1\"><img decoding=\"async\" class=\"wpa-warning wpa-image-missing-alt alignleft wp-image-1038\" src=\"https:\/\/schulte-schmelter-stiftung.org\/wp-content\/uploads\/2025\/06\/Screenshot-2025-06-12-204606-300x63.png\" alt=\"\" width=\"100\" height=\"21\" data-warning=\"Missing alt text\" srcset=\"https:\/\/schulte-schmelter-stiftung.org\/wp-content\/uploads\/2025\/06\/Screenshot-2025-06-12-204606-300x63.png 300w, https:\/\/schulte-schmelter-stiftung.org\/wp-content\/uploads\/2025\/06\/Screenshot-2025-06-12-204606-768x162.png 768w, https:\/\/schulte-schmelter-stiftung.org\/wp-content\/uploads\/2025\/06\/Screenshot-2025-06-12-204606.png 922w\" sizes=\"(max-width: 100px) 100vw, 100px\" \/>\u00a0<\/div>\t\t\t\t\t\t\t\t<\/div>\n\t\t\t\t<\/div>\n\t\t\t\t<div class=\"elementor-element elementor-element-ce78329 elementor-widget elementor-widget-image\" data-id=\"ce78329\" data-element_type=\"widget\" data-widget_type=\"image.default\">\n\t\t\t\t<div class=\"elementor-widget-container\">\n\t\t\t\t\t\t\t\t\t\t\t\t\t\t\t<img fetchpriority=\"high\" decoding=\"async\" width=\"1024\" height=\"279\" src=\"https:\/\/schulte-schmelter-stiftung.org\/wp-content\/uploads\/2025\/02\/cropped-Cordenhof-Foto-1024x279.png\" class=\"attachment-large size-large wp-image-86\" alt=\"\" srcset=\"https:\/\/schulte-schmelter-stiftung.org\/wp-content\/uploads\/2025\/02\/cropped-Cordenhof-Foto-1024x279.png 1024w, https:\/\/schulte-schmelter-stiftung.org\/wp-content\/uploads\/2025\/02\/cropped-Cordenhof-Foto-300x82.png 300w, https:\/\/schulte-schmelter-stiftung.org\/wp-content\/uploads\/2025\/02\/cropped-Cordenhof-Foto-768x209.png 768w, https:\/\/schulte-schmelter-stiftung.org\/wp-content\/uploads\/2025\/02\/cropped-Cordenhof-Foto.png 1500w\" sizes=\"(max-width: 1024px) 100vw, 1024px\" \/>\t\t\t\t\t\t\t\t\t\t\t\t\t\t\t<\/div>\n\t\t\t\t<\/div>\n\t\t<div class=\"elementor-element elementor-element-370169b e-grid e-con-boxed e-con e-child\" data-id=\"370169b\" data-element_type=\"container\">\n\t\t\t\t\t<div class=\"e-con-inner\">\n\t\t\t\t<div class=\"elementor-element elementor-element-fa1de20 elementor-widget__width-inherit animated-slow elementor-widget-mobile__width-inherit elementor-invisible elementor-widget elementor-widget-text-editor\" data-id=\"fa1de20\" data-element_type=\"widget\" data-settings=\"{&quot;_animation&quot;:&quot;fadeInLeft&quot;}\" data-widget_type=\"text-editor.default\">\n\t\t\t\t<div class=\"elementor-widget-container\">\n\t\t\t\t\t\t\t\t\t<p>Seit 2009 bieten wir in K\u00f6ln und im K\u00f6lner Umland station\u00e4re Jugendhilfe an.<br \/>Dabei war es uns immer ein Anliegen und Verpflichtung, Angebote zu schaffen, die inhaltlich und materiell einen Unterschied ausmachen.<\/p><p>In der konsequenten Orientierung an den Bedarfen der uns anvertrauten Kinder, konnten und k\u00f6nnen wir so gelingende Entwicklung erm\u00f6glichen, getreu unserem Motto:<\/p><p><strong>&#8222;Kinder verstehen &#8211; Zukunft er\u00f6ffnen&#8220;<\/strong><\/p><p>Auf dieser Seite k\u00f6nnen Sie sich \u00fcber unser Wirken informieren.<\/p>\t\t\t\t\t\t\t\t<\/div>\n\t\t\t\t<\/div>\n\t\t\t\t<div class=\"elementor-element elementor-element-e219c17 elementor-align-right elementor-invisible elementor-widget elementor-widget-button\" data-id=\"e219c17\" data-element_type=\"widget\" data-settings=\"{&quot;_animation&quot;:&quot;fadeInRight&quot;}\" data-widget_type=\"button.default\">\n\t\t\t\t<div class=\"elementor-widget-container\">\n\t\t\t\t\t\t\t\t\t<div class=\"elementor-button-wrapper\">\n\t\t\t\t\t<a class=\"elementor-button elementor-button-link elementor-size-sm\" href=\"\/index.php\/stellenangebote-praktikum\/\">\n\t\t\t\t\t\t<span class=\"elementor-button-content-wrapper\">\n\t\t\t\t\t\t\t\t\t<span class=\"elementor-button-text\">Stellenangebote<\/span>\n\t\t\t\t\t<\/span>\n\t\t\t\t\t<\/a>\n\t\t\t\t<\/div>\n\t\t\t\t\t\t\t\t<\/div>\n\t\t\t\t<\/div>\n\t\t\t\t\t<\/div>\n\t\t\t\t<\/div>\n\t\t\t\t<\/div>\n\t\t<div class=\"elementor-element elementor-element-cce7bbf elementor-hidden-mobile e-flex e-con-boxed e-con e-parent\" data-id=\"cce7bbf\" data-element_type=\"container\">\n\t\t\t\t\t<div class=\"e-con-inner\">\n\t\t\t\t<div class=\"elementor-element elementor-element-738606b elementor-widget elementor-widget-menu-anchor\" data-id=\"738606b\" data-element_type=\"widget\" data-widget_type=\"menu-anchor.default\">\n\t\t\t\t<div class=\"elementor-widget-container\">\n\t\t\t\t\t\t\t<div class=\"elementor-menu-anchor\" id=\"stifter\"><\/div>\n\t\t\t\t\t\t<\/div>\n\t\t\t\t<\/div>\n\t\t<div class=\"elementor-element elementor-element-44469de e-con-full e-flex e-con e-child\" data-id=\"44469de\" data-element_type=\"container\">\n\t\t\t\t<div class=\"elementor-element elementor-element-6943bec elementor-widget__width-initial elementor-widget elementor-widget-heading\" data-id=\"6943bec\" data-element_type=\"widget\" data-widget_type=\"heading.default\">\n\t\t\t\t<div class=\"elementor-widget-container\">\n\t\t\t\t\t<h2 class=\"elementor-heading-title elementor-size-default\">Der Stifter<\/h2>\t\t\t\t<\/div>\n\t\t\t\t<\/div>\n\t\t\t\t<div class=\"elementor-element elementor-element-44e2f8e elementor-widget__width-initial elementor-invisible elementor-widget elementor-widget-text-editor\" data-id=\"44e2f8e\" data-element_type=\"widget\" data-settings=\"{&quot;_animation&quot;:&quot;fadeInLeft&quot;,&quot;_animation_delay&quot;:20}\" data-widget_type=\"text-editor.default\">\n\t\t\t\t<div class=\"elementor-widget-container\">\n\t\t\t\t\t\t\t\t\t<p><strong>Hubert Schulte-Schmelter<\/strong><\/p><p>sagt von sich selbst, dass er in seinem Leben viel Gl\u00fcck erfahren hat. Noch w\u00e4hrend seiner erfolgreichen beruflichen Karriere beschloss er, der Gesellschaft etwas von diesem Gl\u00fcck zur\u00fcck zu geben.<\/p><p>Mit der Stiftung verwirklicht er seinen Wunsch, in Not geratenen jungen Menschen nachhaltig zu helfen.<\/p><p>Da er diese Aufgabe dauerhaft sicherstellen wollte, gr\u00fcndete er 2008 &#8222;seine&#8220; Stiftung.<\/p>\t\t\t\t\t\t\t\t<\/div>\n\t\t\t\t<\/div>\n\t\t\t\t<\/div>\n\t\t\t\t\t<\/div>\n\t\t\t\t<\/div>\n\t\t<div class=\"elementor-element elementor-element-dcdc50c elementor-hidden-desktop elementor-hidden-tablet e-flex e-con-boxed e-con e-parent\" data-id=\"dcdc50c\" data-element_type=\"container\">\n\t\t\t\t\t<div class=\"e-con-inner\">\n\t\t\t\t<div class=\"elementor-element elementor-element-4dd3f51 elementor-widget elementor-widget-menu-anchor\" data-id=\"4dd3f51\" data-element_type=\"widget\" data-widget_type=\"menu-anchor.default\">\n\t\t\t\t<div class=\"elementor-widget-container\">\n\t\t\t\t\t\t\t<div class=\"elementor-menu-anchor\" id=\"stifter\"><\/div>\n\t\t\t\t\t\t<\/div>\n\t\t\t\t<\/div>\n\t\t<div class=\"elementor-element elementor-element-85f4d67 e-con-full e-flex e-con e-child\" data-id=\"85f4d67\" data-element_type=\"container\">\n\t\t\t\t<div class=\"elementor-element elementor-element-c602b42 elementor-widget__width-initial elementor-widget elementor-widget-heading\" data-id=\"c602b42\" data-element_type=\"widget\" data-widget_type=\"heading.default\">\n\t\t\t\t<div class=\"elementor-widget-container\">\n\t\t\t\t\t<h2 class=\"elementor-heading-title elementor-size-default\">Der Stifter<\/h2>\t\t\t\t<\/div>\n\t\t\t\t<\/div>\n\t\t\t\t<div class=\"elementor-element elementor-element-480917d elementor-widget elementor-widget-image\" data-id=\"480917d\" data-element_type=\"widget\" data-widget_type=\"image.default\">\n\t\t\t\t<div class=\"elementor-widget-container\">\n\t\t\t\t\t\t\t\t\t\t\t\t\t\t\t<img decoding=\"async\" width=\"1024\" height=\"712\" src=\"https:\/\/schulte-schmelter-stiftung.org\/wp-content\/uploads\/2025\/06\/signal-2025-06-10-15-02-56-254-e1749718348339-1024x712.jpg\" class=\"attachment-large size-large wp-image-1000\" alt=\"\" srcset=\"https:\/\/schulte-schmelter-stiftung.org\/wp-content\/uploads\/2025\/06\/signal-2025-06-10-15-02-56-254-e1749718348339-1024x712.jpg 1024w, https:\/\/schulte-schmelter-stiftung.org\/wp-content\/uploads\/2025\/06\/signal-2025-06-10-15-02-56-254-e1749718348339-300x208.jpg 300w, https:\/\/schulte-schmelter-stiftung.org\/wp-content\/uploads\/2025\/06\/signal-2025-06-10-15-02-56-254-e1749718348339-768x534.jpg 768w, https:\/\/schulte-schmelter-stiftung.org\/wp-content\/uploads\/2025\/06\/signal-2025-06-10-15-02-56-254-e1749718348339-1536x1067.jpg 1536w, https:\/\/schulte-schmelter-stiftung.org\/wp-content\/uploads\/2025\/06\/signal-2025-06-10-15-02-56-254-e1749718348339.jpg 1957w\" sizes=\"(max-width: 1024px) 100vw, 1024px\" \/>\t\t\t\t\t\t\t\t\t\t\t\t\t\t\t<\/div>\n\t\t\t\t<\/div>\n\t\t\t\t<div class=\"elementor-element elementor-element-a26c134 elementor-widget__width-inherit elementor-invisible elementor-widget elementor-widget-text-editor\" data-id=\"a26c134\" data-element_type=\"widget\" data-settings=\"{&quot;_animation&quot;:&quot;fadeInLeft&quot;,&quot;_animation_delay&quot;:20}\" data-widget_type=\"text-editor.default\">\n\t\t\t\t<div class=\"elementor-widget-container\">\n\t\t\t\t\t\t\t\t\t<p><strong>Hubert Schulte-Schmelter<\/strong><\/p><p>sagt von sich selbst, dass er in seinem Leben viel Gl\u00fcck erfahren hat. Noch w\u00e4hrend seiner erfolgreichen beruflichen Karriere beschloss er, der Gesellschaft etwas von diesem Gl\u00fcck zur\u00fcck zu geben.<\/p><p>Mit der Stiftung verwirklicht er seinen Wunsch, in Not geratenen jungen Menschen nachhaltig zu helfen.<\/p><p>Da er diese Aufgabe dauerhaft sicherstellen wollte, gr\u00fcndete er 2008 &#8222;seine&#8220; Stiftung.<\/p>\t\t\t\t\t\t\t\t<\/div>\n\t\t\t\t<\/div>\n\t\t\t\t<\/div>\n\t\t\t\t\t<\/div>\n\t\t\t\t<\/div>\n\t\t\t\t<\/div>\n\t\t<div class=\"gsp_post_data\" data-post_type=\"page\" data-cat=\"\" data-modified=\"120\" data-title=\"Stiftung \/ Angebote\" data-home=\"https:\/\/schulte-schmelter-stiftung.org\"><\/div>","protected":false},"excerpt":{"rendered":"<p>Schulte-Schmelter-Stiftung \u00a0 Seit 2009 bieten wir in K\u00f6ln und im K\u00f6lner Umland station\u00e4re Jugendhilfe an.Dabei war es uns immer ein [&hellip;]<\/p>\n","protected":false},"author":1,"featured_media":0,"parent":0,"menu_order":0,"comment_status":"closed","ping_status":"closed","template":"","meta":{"site-sidebar-layout":"no-sidebar","site-content-layout":"plain-container","ast-site-content-layout":"default","site-content-style":"default","site-sidebar-style":"default","ast-global-header-display":"","ast-banner-title-visibility":"","ast-main-header-display":"","ast-hfb-above-header-display":"","ast-hfb-below-header-display":"","ast-hfb-mobile-header-display":"","site-post-title":"disabled","ast-breadcrumbs-content":"","ast-featured-img":"","footer-sml-layout":"","ast-disable-related-posts":"","theme-transparent-header-meta":"enabled","adv-header-id-meta":"","stick-header-meta":"","header-above-stick-meta":"","header-main-stick-meta":"","header-below-stick-meta":"","astra-migrate-meta-layouts":"default","ast-page-background-enabled":"default","ast-page-background-meta":{"desktop":{"background-color":"var(--ast-global-color-5)","background-image":"","background-repeat":"repeat","background-position":"center center","background-size":"auto","background-attachment":"scroll","background-type":"","background-media":"","overlay-type":"","overlay-color":"","overlay-opacity":"","overlay-gradient":""},"tablet":{"background-color":"","background-image":"","background-repeat":"repeat","background-position":"center center","background-size":"auto","background-attachment":"scroll","background-type":"","background-media":"","overlay-type":"","overlay-color":"","overlay-opacity":"","overlay-gradient":""},"mobile":{"background-color":"","background-image":"","background-repeat":"repeat","background-position":"center center","background-size":"auto","background-attachment":"scroll","background-type":"","background-media":"","overlay-type":"","overlay-color":"","overlay-opacity":"","overlay-gradient":""}},"ast-content-background-meta":{"desktop":{"background-color":"var(--ast-global-color-4)","background-image":"","background-repeat":"repeat","background-position":"center center","background-size":"auto","background-attachment":"scroll","background-type":"","background-media":"","overlay-type":"","overlay-color":"","overlay-opacity":"","overlay-gradient":""},"tablet":{"background-color":"var(--ast-global-color-4)","background-image":"","background-repeat":"repeat","background-position":"center center","background-size":"auto","background-attachment":"scroll","background-type":"","background-media":"","overlay-type":"","overlay-color":"","overlay-opacity":"","overlay-gradient":""},"mobile":{"background-color":"var(--ast-global-color-4)","background-image":"","background-repeat":"repeat","background-position":"center center","background-size":"auto","background-attachment":"scroll","background-type":"","background-media":"","overlay-type":"","overlay-color":"","overlay-opacity":"","overlay-gradient":""}},"footnotes":""},"class_list":["post-8","page","type-page","status-publish","hentry"],"jetpack_sharing_enabled":true,"_links":{"self":[{"href":"https:\/\/schulte-schmelter-stiftung.org\/index.php\/wp-json\/wp\/v2\/pages\/8","targetHints":{"allow":["GET"]}}],"collection":[{"href":"https:\/\/schulte-schmelter-stiftung.org\/index.php\/wp-json\/wp\/v2\/pages"}],"about":[{"href":"https:\/\/schulte-schmelter-stiftung.org\/index.php\/wp-json\/wp\/v2\/types\/page"}],"author":[{"embeddable":true,"href":"https:\/\/schulte-schmelter-stiftung.org\/index.php\/wp-json\/wp\/v2\/users\/1"}],"replies":[{"embeddable":true,"href":"https:\/\/schulte-schmelter-stiftung.org\/index.php\/wp-json\/wp\/v2\/comments?post=8"}],"version-history":[{"count":240,"href":"https:\/\/schulte-schmelter-stiftung.org\/index.php\/wp-json\/wp\/v2\/pages\/8\/revisions"}],"predecessor-version":[{"id":1189,"href":"https:\/\/schulte-schmelter-stiftung.org\/index.php\/wp-json\/wp\/v2\/pages\/8\/revisions\/1189"}],"wp:attachment":[{"href":"https:\/\/schulte-schmelter-stiftung.org\/index.php\/wp-json\/wp\/v2\/media?parent=8"}],"curies":[{"name":"wp","href":"https:\/\/api.w.org\/{rel}","templated":true}]}}