{"id":457,"date":"2025-04-05T10:04:47","date_gmt":"2025-04-05T10:04:47","guid":{"rendered":"https:\/\/schulte-schmelter-stiftung.org\/?page_id=457"},"modified":"2025-06-27T13:02:50","modified_gmt":"2025-06-27T13:02:50","slug":"inklusionsgruppe-erp","status":"publish","type":"page","link":"https:\/\/schulte-schmelter-stiftung.org\/index.php\/inklusionsgruppe-erp\/","title":{"rendered":"Inklusivgruppe Erp"},"content":{"rendered":"\t\t<div data-elementor-type=\"wp-page\" data-elementor-id=\"457\" class=\"elementor elementor-457\" data-elementor-post-type=\"page\">\n\t\t\t\t<div class=\"elementor-element elementor-element-9f12f49 e-con-full e-flex e-con e-parent\" data-id=\"9f12f49\" data-element_type=\"container\" data-settings=\"{&quot;background_background&quot;:&quot;classic&quot;}\">\n\t\t<div class=\"elementor-element elementor-element-fefc673 e-con-full e-flex e-con e-child\" data-id=\"fefc673\" data-element_type=\"container\">\n\t\t\t\t<div class=\"elementor-element elementor-element-0ef718a elementor-widget elementor-widget-text-editor\" data-id=\"0ef718a\" data-element_type=\"widget\" data-widget_type=\"text-editor.default\">\n\t\t\t\t<div class=\"elementor-widget-container\">\n\t\t\t\t\t\t\t\t\t<p><strong>\u00dcbersicht:<\/strong><\/p><p>Die Inklusivgruppe Cordenhof ist ein Angebot der station\u00e4ren Kinder- und Jugendhilfe. Die p\u00e4dagogische, im Wechselschichtdient als Regel- und Inklusivangebot ausgerichtete Wohnform, richtet sich an junge Menschen, die aufgrund verschiedener Notsituationen und Schwierigkeiten nicht in ihren Herkunftsfamilien aufwachsen k\u00f6nnen und deren Aufnahme in einer Pflegefamilie durch ihre krisenhaften Lebenssituationen nicht denkbar war.<\/p><p>In der Inklusivgruppe Cordenhof bieten wir neben 4 Pl\u00e4tzen im Regelangebot nach \u00a7 34 SGB VIII noch weitere 4 Pl\u00e4tze f\u00fcr junge Menschen, deren seelische Gesundheit gem. \u00a7 35a SGB VIII mit hoher Wahrscheinlichkeit l\u00e4nger als sechs Monate von dem f\u00fcr ihr Lebensalter typischen Zustand abweicht, und daher in ihrer Teilhabe am Leben in der Gesellschaft beeintr\u00e4chtigt sind oder eine solche Beeintr\u00e4chtigung zu erwarten ist.<\/p><p>Dabei verstehen wir Teilhabe als ein fundamentales Menschenrecht, welches durch die Gew\u00e4hrleistung gleicher Verwirklichungschancen, die Einbeziehung in die Gesellschaft sowie den Schutz vor willk\u00fcrlicher Ungleichbehandlung charakterisiert wird.<\/p><p>Personalschl\u00fcssel: 4 Regelpl\u00e4tze 1:1,70 und 4 Inklusivpl\u00e4tze 1:1,30<\/p>\t\t\t\t\t\t\t\t<\/div>\n\t\t\t\t<\/div>\n\t\t\t\t<\/div>\n\t\t<div class=\"elementor-element elementor-element-b42d23b e-con-full e-flex elementor-invisible e-con e-child\" data-id=\"b42d23b\" data-element_type=\"container\" data-settings=\"{&quot;animation&quot;:&quot;fadeInUp&quot;}\">\n\t\t<div class=\"elementor-element elementor-element-345cfc5 e-con-full e-flex e-con e-child\" data-id=\"345cfc5\" data-element_type=\"container\">\n\t\t\t\t<div class=\"elementor-element elementor-element-cbf8b18 elementor-widget elementor-widget-heading\" data-id=\"cbf8b18\" data-element_type=\"widget\" data-widget_type=\"heading.default\">\n\t\t\t\t<div class=\"elementor-widget-container\">\n\t\t\t\t\t<h3 class=\"elementor-heading-title elementor-size-default\">Inklusivgruppe Erp<\/h3>\t\t\t\t<\/div>\n\t\t\t\t<\/div>\n\t\t\t\t<div class=\"elementor-element elementor-element-1891f9b elementor-widget elementor-widget-image\" data-id=\"1891f9b\" data-element_type=\"widget\" data-widget_type=\"image.default\">\n\t\t\t\t<div class=\"elementor-widget-container\">\n\t\t\t\t\t\t\t\t\t\t\t\t\t\t\t<img fetchpriority=\"high\" decoding=\"async\" width=\"300\" height=\"300\" src=\"https:\/\/schulte-schmelter-stiftung.org\/wp-content\/uploads\/2025\/06\/ChatGPT-Image-12.-Juni-2025-07_05_31-300x300.png\" class=\"attachment-medium size-medium wp-image-917\" alt=\"\" srcset=\"https:\/\/schulte-schmelter-stiftung.org\/wp-content\/uploads\/2025\/06\/ChatGPT-Image-12.-Juni-2025-07_05_31-300x300.png 300w, https:\/\/schulte-schmelter-stiftung.org\/wp-content\/uploads\/2025\/06\/ChatGPT-Image-12.-Juni-2025-07_05_31-150x150.png 150w, https:\/\/schulte-schmelter-stiftung.org\/wp-content\/uploads\/2025\/06\/ChatGPT-Image-12.-Juni-2025-07_05_31-768x768.png 768w, https:\/\/schulte-schmelter-stiftung.org\/wp-content\/uploads\/2025\/06\/ChatGPT-Image-12.-Juni-2025-07_05_31.png 1024w\" sizes=\"(max-width: 300px) 100vw, 300px\" \/>\t\t\t\t\t\t\t\t\t\t\t\t\t\t\t<\/div>\n\t\t\t\t<\/div>\n\t\t\t\t<div class=\"elementor-element elementor-element-70acab0 elementor-widget elementor-widget-text-editor\" data-id=\"70acab0\" data-element_type=\"widget\" data-widget_type=\"text-editor.default\">\n\t\t\t\t<div class=\"elementor-widget-container\">\n\t\t\t\t\t\t\t\t\t<p>Station\u00e4res Wohnangebot f\u00fcr 4 Kinder mit Teilhabebeeintr\u00e4chtigung und 4 junge Menschen mit Regelbedarf in l\u00e4ndlicher, reizarmer Umgebung auf einem denkmalgesch\u00fctzten Hofgel\u00e4nde.<\/p>\t\t\t\t\t\t\t\t<\/div>\n\t\t\t\t<\/div>\n\t\t\t\t<\/div>\n\t\t\t\t<\/div>\n\t\t<div class=\"elementor-element elementor-element-be36814 e-grid e-con-full e-con e-child\" data-id=\"be36814\" data-element_type=\"container\">\n\t\t\t\t<div class=\"elementor-element elementor-element-710b7c1 elementor-widget elementor-widget-text-editor\" data-id=\"710b7c1\" data-element_type=\"widget\" data-widget_type=\"text-editor.default\">\n\t\t\t\t<div class=\"elementor-widget-container\">\n\t\t\t\t\t\t\t\t\t<p><strong>Ansprechpartner\/Konzept:<\/strong><\/p><p style=\"text-align: left;\">Fragen zum Angebot beantwortet Ihnen gerne:<\/p><p style=\"text-align: left;\">Lisa Maurer (p\u00e4d. Leitung)<br \/>Tel.: 02235-9946258, <br \/>Mail: lmaurer@schulte-schmelter-stiftung.de<\/p><p><strong>Auf Anfrage senden wir Ihnen gerne unsere ausf\u00fchrliche Leistungsbeschreibung.<\/strong><\/p>\t\t\t\t\t\t\t\t<\/div>\n\t\t\t\t<\/div>\n\t\t\t\t<div class=\"elementor-element elementor-element-144af9a elementor-widget elementor-widget-text-editor\" data-id=\"144af9a\" data-element_type=\"widget\" data-widget_type=\"text-editor.default\">\n\t\t\t\t<div class=\"elementor-widget-container\">\n\t\t\t\t\t\t\t\t\t<p><strong>Lebensort:<\/strong><\/p><p>Erftstadt-Erp befindet sich in l\u00e4ndlicher Lage im Rhein-Erft Kreis. Die Struktur des Ortes ist als d\u00f6rflich und \u00fcberschaubar. Der Ort verf\u00fcgt \u00fcber Gesch\u00e4fte, die die Grundversorgung sichern (Rewe, Post, Arztpraxis, Fu\u00dfballverein\u2026). Im drei Kilometer entfernten Lechenich sind s\u00e4mtliche ben\u00f6tigte Schulformen, medizinische Versorgungseinrichtungen (\u00c4rzte, Fach\u00e4rzte, Kliniken), therapeutische sowie Freizeitangebote (Vereine, Spielpl\u00e4tze, etc.) verf\u00fcgbar.<\/p>\t\t\t\t\t\t\t\t<\/div>\n\t\t\t\t<\/div>\n\t\t\t\t<\/div>\n\t\t<div class=\"elementor-element elementor-element-36e5719 e-con-full e-flex e-con e-child\" data-id=\"36e5719\" data-element_type=\"container\">\n\t\t\t\t<div class=\"elementor-element elementor-element-f418e8c elementor-widget elementor-widget-image\" data-id=\"f418e8c\" data-element_type=\"widget\" data-widget_type=\"image.default\">\n\t\t\t\t<div class=\"elementor-widget-container\">\n\t\t\t\t\t\t\t\t\t\t\t\t\t\t\t<img decoding=\"async\" width=\"768\" height=\"209\" src=\"https:\/\/schulte-schmelter-stiftung.org\/wp-content\/uploads\/2025\/02\/cropped-Cordenhof-Foto-768x209.png\" class=\"attachment-medium_large size-medium_large wp-image-86\" alt=\"\" srcset=\"https:\/\/schulte-schmelter-stiftung.org\/wp-content\/uploads\/2025\/02\/cropped-Cordenhof-Foto-768x209.png 768w, https:\/\/schulte-schmelter-stiftung.org\/wp-content\/uploads\/2025\/02\/cropped-Cordenhof-Foto-300x82.png 300w, https:\/\/schulte-schmelter-stiftung.org\/wp-content\/uploads\/2025\/02\/cropped-Cordenhof-Foto-1024x279.png 1024w, https:\/\/schulte-schmelter-stiftung.org\/wp-content\/uploads\/2025\/02\/cropped-Cordenhof-Foto.png 1500w\" sizes=\"(max-width: 768px) 100vw, 768px\" \/>\t\t\t\t\t\t\t\t\t\t\t\t\t\t\t<\/div>\n\t\t\t\t<\/div>\n\t\t\t\t<\/div>\n\t\t\t\t<\/div>\n\t\t\t\t<\/div>\n\t\t<div class=\"gsp_post_data\" data-post_type=\"page\" data-cat=\"\" data-modified=\"120\" data-title=\"Inklusivgruppe Erp\" data-home=\"https:\/\/schulte-schmelter-stiftung.org\"><\/div>","protected":false},"excerpt":{"rendered":"<p>\u00dcbersicht: Die Inklusivgruppe Cordenhof ist ein Angebot der station\u00e4ren Kinder- und Jugendhilfe. Die p\u00e4dagogische, im Wechselschichtdient als Regel- und Inklusivangebot [&hellip;]<\/p>\n","protected":false},"author":1,"featured_media":0,"parent":0,"menu_order":0,"comment_status":"closed","ping_status":"closed","template":"","meta":{"site-sidebar-layout":"no-sidebar","site-content-layout":"","ast-site-content-layout":"full-width-container","site-content-style":"default","site-sidebar-style":"default","ast-global-header-display":"","ast-banner-title-visibility":"","ast-main-header-display":"","ast-hfb-above-header-display":"","ast-hfb-below-header-display":"","ast-hfb-mobile-header-display":"","site-post-title":"disabled","ast-breadcrumbs-content":"","ast-featured-img":"disabled","footer-sml-layout":"","ast-disable-related-posts":"","theme-transparent-header-meta":"","adv-header-id-meta":"","stick-header-meta":"","header-above-stick-meta":"","header-main-stick-meta":"","header-below-stick-meta":"","astra-migrate-meta-layouts":"default","ast-page-background-enabled":"default","ast-page-background-meta":{"desktop":{"background-color":"var(--ast-global-color-5)","background-image":"","background-repeat":"repeat","background-position":"center center","background-size":"auto","background-attachment":"scroll","background-type":"","background-media":"","overlay-type":"","overlay-color":"","overlay-opacity":"","overlay-gradient":""},"tablet":{"background-color":"","background-image":"","background-repeat":"repeat","background-position":"center center","background-size":"auto","background-attachment":"scroll","background-type":"","background-media":"","overlay-type":"","overlay-color":"","overlay-opacity":"","overlay-gradient":""},"mobile":{"background-color":"","background-image":"","background-repeat":"repeat","background-position":"center center","background-size":"auto","background-attachment":"scroll","background-type":"","background-media":"","overlay-type":"","overlay-color":"","overlay-opacity":"","overlay-gradient":""}},"ast-content-background-meta":{"desktop":{"background-color":"var(--ast-global-color-4)","background-image":"","background-repeat":"repeat","background-position":"center center","background-size":"auto","background-attachment":"scroll","background-type":"","background-media":"","overlay-type":"","overlay-color":"","overlay-opacity":"","overlay-gradient":""},"tablet":{"background-color":"var(--ast-global-color-4)","background-image":"","background-repeat":"repeat","background-position":"center center","background-size":"auto","background-attachment":"scroll","background-type":"","background-media":"","overlay-type":"","overlay-color":"","overlay-opacity":"","overlay-gradient":""},"mobile":{"background-color":"var(--ast-global-color-4)","background-image":"","background-repeat":"repeat","background-position":"center center","background-size":"auto","background-attachment":"scroll","background-type":"","background-media":"","overlay-type":"","overlay-color":"","overlay-opacity":"","overlay-gradient":""}},"footnotes":""},"class_list":["post-457","page","type-page","status-publish","hentry"],"jetpack_sharing_enabled":true,"_links":{"self":[{"href":"https:\/\/schulte-schmelter-stiftung.org\/index.php\/wp-json\/wp\/v2\/pages\/457","targetHints":{"allow":["GET"]}}],"collection":[{"href":"https:\/\/schulte-schmelter-stiftung.org\/index.php\/wp-json\/wp\/v2\/pages"}],"about":[{"href":"https:\/\/schulte-schmelter-stiftung.org\/index.php\/wp-json\/wp\/v2\/types\/page"}],"author":[{"embeddable":true,"href":"https:\/\/schulte-schmelter-stiftung.org\/index.php\/wp-json\/wp\/v2\/users\/1"}],"replies":[{"embeddable":true,"href":"https:\/\/schulte-schmelter-stiftung.org\/index.php\/wp-json\/wp\/v2\/comments?post=457"}],"version-history":[{"count":61,"href":"https:\/\/schulte-schmelter-stiftung.org\/index.php\/wp-json\/wp\/v2\/pages\/457\/revisions"}],"predecessor-version":[{"id":1113,"href":"https:\/\/schulte-schmelter-stiftung.org\/index.php\/wp-json\/wp\/v2\/pages\/457\/revisions\/1113"}],"wp:attachment":[{"href":"https:\/\/schulte-schmelter-stiftung.org\/index.php\/wp-json\/wp\/v2\/media?parent=457"}],"curies":[{"name":"wp","href":"https:\/\/api.w.org\/{rel}","templated":true}]}}