{"id":102,"date":"2025-02-19T07:29:29","date_gmt":"2025-02-19T07:29:29","guid":{"rendered":"https:\/\/schulte-schmelter-stiftung.org\/?page_id=102"},"modified":"2026-01-02T14:30:10","modified_gmt":"2026-01-02T14:30:10","slug":"helfen-sie-mit","status":"publish","type":"page","link":"https:\/\/schulte-schmelter-stiftung.org\/index.php\/helfen-sie-mit\/","title":{"rendered":"Helfen Sie mit"},"content":{"rendered":"\t\t<div data-elementor-type=\"wp-page\" data-elementor-id=\"102\" class=\"elementor elementor-102\" data-elementor-post-type=\"page\">\n\t\t\t\t<div class=\"elementor-element elementor-element-0337bd4 e-flex e-con-boxed e-con e-parent\" data-id=\"0337bd4\" data-element_type=\"container\">\n\t\t\t\t\t<div class=\"e-con-inner\">\n\t\t\t\t<div class=\"elementor-element elementor-element-20ebd51 elementor-widget elementor-widget-heading\" data-id=\"20ebd51\" data-element_type=\"widget\" data-widget_type=\"heading.default\">\n\t\t\t\t<div class=\"elementor-widget-container\">\n\t\t\t\t\t<h2 class=\"elementor-heading-title elementor-size-default\">Infos f\u00fcr F\u00f6rderer<\/h2>\t\t\t\t<\/div>\n\t\t\t\t<\/div>\n\t\t\t\t<div class=\"elementor-element elementor-element-e69faf8 elementor-invisible elementor-widget elementor-widget-text-editor\" data-id=\"e69faf8\" data-element_type=\"widget\" data-settings=\"{&quot;_animation&quot;:&quot;bounceInLeft&quot;}\" data-widget_type=\"text-editor.default\">\n\t\t\t\t<div class=\"elementor-widget-container\">\n\t\t\t\t\t\t\t\t\t<p><img fetchpriority=\"high\" decoding=\"async\" class=\"size-medium wp-image-194 alignright\" src=\"https:\/\/schulte-schmelter-stiftung.org\/wp-content\/uploads\/2025\/02\/503-300x225.jpg\" alt=\"\" width=\"300\" height=\"225\" srcset=\"https:\/\/schulte-schmelter-stiftung.org\/wp-content\/uploads\/2025\/02\/503-300x225.jpg 300w, https:\/\/schulte-schmelter-stiftung.org\/wp-content\/uploads\/2025\/02\/503-1024x768.jpg 1024w, https:\/\/schulte-schmelter-stiftung.org\/wp-content\/uploads\/2025\/02\/503-768x576.jpg 768w, https:\/\/schulte-schmelter-stiftung.org\/wp-content\/uploads\/2025\/02\/503-1536x1152.jpg 1536w, https:\/\/schulte-schmelter-stiftung.org\/wp-content\/uploads\/2025\/02\/503-2048x1536.jpg 2048w\" sizes=\"(max-width: 300px) 100vw, 300px\" \/>In Zeiten schrumpfender Budgets wird auch die Finanzierung unserer Arbeit immer schwieriger. Die Jugend\u00e4mter als zust\u00e4ndige Kostentr\u00e4ger stehen unter einem enormen Sparzwang, da die \u00f6ffentlichen Haushalte besonders belastet sind. Deshalb ist es in vielen F\u00e4llen nicht mehr m\u00f6glich, den Kindern z.B. qualifizierten Instrumentenunterricht oder eine dringend ben\u00f6tigte Therapie zu erm\u00f6glichen.<\/p><p>Darum sind wir auf engagierte Menschen, die unsere Arbeit materiell und ideell unterst\u00fctzen wollen, angewiesen. Wenn sie uns finanziell helfen wollen, stehen mehrere Wege offen:<\/p><p>Sie k\u00f6nnen uns zweckgebunden oder frei Geld spenden, daf\u00fcr steht Ihnen folgendes Bankkonto zur Verf\u00fcgung:<\/p><p><strong>DE05370205000001136300<br \/>BFSWDE33XXX<br \/>Bank f\u00fcr Sozialwirtschaft K\u00f6ln.<\/strong><\/p><p>Wenn Sie sicher stellen wollen, dass Ihre Zuwendung dauerhaft dem Stiftungszweck gewidmet wird, kommt die M\u00f6glichkeit einer Zustiftung in Betracht. Hierzu beraten wir Sie gerne in einem pers\u00f6nlichen Gespr\u00e4ch.<\/p><p>Eine testamentarische Verf\u00fcgung oder eine Erbschaft k\u00f6nnen gew\u00e4hrleisten, dass Ihr Nachlass nach Ihrem Ableben dem Wirken der Stiftung zugute kommt.<\/p><p>Da die Stiftung als gemeinn\u00fctzig anerkannt ist, stellen wir Ihnen gerne eine Spendenbescheinigung aus.<\/p>\t\t\t\t\t\t\t\t<\/div>\n\t\t\t\t<\/div>\n\t\t\t\t<div class=\"elementor-element elementor-element-a23b5c0 elementor-widget elementor-widget-menu-anchor\" data-id=\"a23b5c0\" data-element_type=\"widget\" data-widget_type=\"menu-anchor.default\">\n\t\t\t\t<div class=\"elementor-widget-container\">\n\t\t\t\t\t\t\t<div class=\"elementor-menu-anchor\" id=\"foerderverein\"><\/div>\n\t\t\t\t\t\t<\/div>\n\t\t\t\t<\/div>\n\t\t\t\t\t<\/div>\n\t\t\t\t<\/div>\n\t\t<div class=\"elementor-element elementor-element-93b9b04 e-flex e-con-boxed e-con e-parent\" data-id=\"93b9b04\" data-element_type=\"container\">\n\t\t\t\t\t<div class=\"e-con-inner\">\n\t\t\t\t<div class=\"elementor-element elementor-element-a528c9d elementor-widget elementor-widget-heading\" data-id=\"a528c9d\" data-element_type=\"widget\" data-widget_type=\"heading.default\">\n\t\t\t\t<div class=\"elementor-widget-container\">\n\t\t\t\t\t<h2 class=\"elementor-heading-title elementor-size-default\">F\u00f6rderverein<\/h2>\t\t\t\t<\/div>\n\t\t\t\t<\/div>\n\t\t<div class=\"elementor-element elementor-element-c93cc4a e-grid e-con-full e-con e-child\" data-id=\"c93cc4a\" data-element_type=\"container\">\n\t\t\t\t<div class=\"elementor-element elementor-element-f47bfc0 elementor-widget elementor-widget-text-editor\" data-id=\"f47bfc0\" data-element_type=\"widget\" data-widget_type=\"text-editor.default\">\n\t\t\t\t<div class=\"elementor-widget-container\">\n\t\t\t\t\t\t\t\t\t<p><img decoding=\"async\" class=\"wp-image-1008 size-medium alignleft\" src=\"https:\/\/schulte-schmelter-stiftung.org\/wp-content\/uploads\/2025\/06\/Screenshot-2025-06-12-105731-300x201.png\" alt=\"\" width=\"300\" height=\"201\" srcset=\"https:\/\/schulte-schmelter-stiftung.org\/wp-content\/uploads\/2025\/06\/Screenshot-2025-06-12-105731-300x201.png 300w, https:\/\/schulte-schmelter-stiftung.org\/wp-content\/uploads\/2025\/06\/Screenshot-2025-06-12-105731-1024x686.png 1024w, https:\/\/schulte-schmelter-stiftung.org\/wp-content\/uploads\/2025\/06\/Screenshot-2025-06-12-105731-768x514.png 768w, https:\/\/schulte-schmelter-stiftung.org\/wp-content\/uploads\/2025\/06\/Screenshot-2025-06-12-105731.png 1360w\" sizes=\"(max-width: 300px) 100vw, 300px\" \/>Der im Oktober 2013 in K\u00f6ln gegr\u00fcndete Verein \u201eKinder verstehen \u2013 Zukunft er\u00f6ffnen e. V.\u201c hat es sich zur Aufgabe gemacht, die Ziele der Schulte-Schmelter-Stiftung zu f\u00f6rdern.<\/p><p>Die Schulte-Schmelter-Stiftung wurde von Herrn Hubert Schulte-Schmelter gegr\u00fcndet, um Kindern, die aufgrund schwerwiegender traumatischer Erfahrungen materiell, seelisch oder k\u00f6rperlich in Not geraten sind, dauerhaft zu helfen. Die Stiftung betreibt aktuell zwei familienanalog gef\u00fchrte heilp\u00e4dagogische Wohngruppen in Frechen und in K\u00f6ln-Langel.<\/p><p>Der F\u00f6rderverein hat die Aufgabe, die Schulte-Schmelter-Stiftung ideell und finanziell zu unterst\u00fctzen. Die F\u00f6rderung soll sowohl durch die zweckgebundene Weitergabe von Mitteln an die Stiftung als auch durch die unmittelbare \u00dcbernahme von Kosten f\u00fcr Sachmittel, therapeutische Ma\u00dfnahmen, Ferienfahrten und\u00e4hnliche \u2013 mit der Betreuung der Kinder zusammenh\u00e4ngender \u2013 Ma\u00dfnahmen, erfolgen. Der F\u00f6rderverein ist vom Finanzamt K\u00f6ln-Porz als gemeinn\u00fctzig anerkannt.<\/p><p><a href=\"http:\/\/www.kinder-verstehen-zukunft-eroeffnen.de\/\" target=\"_blank\" rel=\"noopener\">Zur Webseite des F\u00f6rdervereins<\/a><\/p>\t\t\t\t\t\t\t\t<\/div>\n\t\t\t\t<\/div>\n\t\t\t\t<div class=\"elementor-element elementor-element-4fc9d6d elementor-invisible elementor-widget elementor-widget-image\" data-id=\"4fc9d6d\" data-element_type=\"widget\" data-settings=\"{&quot;_animation&quot;:&quot;slideInRight&quot;}\" data-widget_type=\"image.default\">\n\t\t\t\t<div class=\"elementor-widget-container\">\n\t\t\t\t\t\t\t\t\t\t\t\t\t\t\t<img decoding=\"async\" width=\"768\" height=\"1024\" src=\"https:\/\/schulte-schmelter-stiftung.org\/wp-content\/uploads\/2025\/02\/IMG-20190110-WA0015.jpg\" class=\"attachment-large size-large wp-image-197\" alt=\"\" srcset=\"https:\/\/schulte-schmelter-stiftung.org\/wp-content\/uploads\/2025\/02\/IMG-20190110-WA0015.jpg 768w, https:\/\/schulte-schmelter-stiftung.org\/wp-content\/uploads\/2025\/02\/IMG-20190110-WA0015-225x300.jpg 225w\" sizes=\"(max-width: 768px) 100vw, 768px\" \/>\t\t\t\t\t\t\t\t\t\t\t\t\t\t\t<\/div>\n\t\t\t\t<\/div>\n\t\t\t\t<\/div>\n\t\t\t\t<div class=\"elementor-element elementor-element-e912ceb elementor-widget elementor-widget-menu-anchor\" data-id=\"e912ceb\" data-element_type=\"widget\" data-widget_type=\"menu-anchor.default\">\n\t\t\t\t<div class=\"elementor-widget-container\">\n\t\t\t\t\t\t\t<div class=\"elementor-menu-anchor\" id=\"danksagung\"><\/div>\n\t\t\t\t\t\t<\/div>\n\t\t\t\t<\/div>\n\t\t\t\t\t<\/div>\n\t\t\t\t<\/div>\n\t\t<div class=\"elementor-element elementor-element-6b167cf e-flex e-con-boxed e-con e-parent\" data-id=\"6b167cf\" data-element_type=\"container\">\n\t\t\t\t\t<div class=\"e-con-inner\">\n\t\t\t\t<div class=\"elementor-element elementor-element-646dda5 elementor-widget elementor-widget-heading\" data-id=\"646dda5\" data-element_type=\"widget\" data-widget_type=\"heading.default\">\n\t\t\t\t<div class=\"elementor-widget-container\">\n\t\t\t\t\t<h2 class=\"elementor-heading-title elementor-size-default\">Danksagung<\/h2>\t\t\t\t<\/div>\n\t\t\t\t<\/div>\n\t\t\t\t<div class=\"elementor-element elementor-element-feba75e elementor-widget elementor-widget-text-editor\" data-id=\"feba75e\" data-element_type=\"widget\" data-widget_type=\"text-editor.default\">\n\t\t\t\t<div class=\"elementor-widget-container\">\n\t\t\t\t\t\t\t\t\t<p><strong>Wir m\u00f6chten uns an dieser Stelle ganz herzlich und ausdr\u00fccklich bei denjenigen Personen und Firmen bedanken, die unsere Arbeit im letzten Jahr materiell und immateriell unterst\u00fctzt haben. Dies sind im Einzelnen:<\/strong><\/p>\t\t\t\t\t\t\t\t<\/div>\n\t\t\t\t<\/div>\n\t\t<div class=\"elementor-element elementor-element-46d46aa e-con-full e-flex e-con e-child\" data-id=\"46d46aa\" data-element_type=\"container\">\n\t\t\t\t<div class=\"elementor-element elementor-element-904acaa elementor-widget__width-initial elementor-invisible elementor-widget elementor-widget-text-editor\" data-id=\"904acaa\" data-element_type=\"widget\" data-settings=\"{&quot;_animation&quot;:&quot;fadeInLeft&quot;}\" data-widget_type=\"text-editor.default\">\n\t\t\t\t<div class=\"elementor-widget-container\">\n\t\t\t\t\t\t\t\t\t<p><strong>2025<\/strong><\/p><p>SkelTech GmbH<\/p><p>den Mitarbeitenden der Sozialbank<\/p><p>Anke und Stephan Vo\u00df<\/p><p>den G\u00e4sten der 1A Vista Kreuzfahrtschiffe<\/p><p>Wir erf\u00fcllen Kinderw\u00fcnsche eV<\/p><p>Tobias Kaiser<\/p><p>Petra Effing<\/p><p>J\u00fcrgen und Ellen Dies<\/p><p>Katharina Walter<\/p><p>Thomas und Michaela Sasse<\/p><p>Margret Pfingsten-Brohm<\/p><p>Torsten P. Wagener<\/p><p>F\u00f6rderverein &#8222;Gemeinsam f\u00fcr Kinder eV&#8220;<\/p>\t\t\t\t\t\t\t\t<\/div>\n\t\t\t\t<\/div>\n\t\t\t\t<div class=\"elementor-element elementor-element-05a6833 elementor-widget__width-initial elementor-invisible elementor-widget elementor-widget-text-editor\" data-id=\"05a6833\" data-element_type=\"widget\" data-settings=\"{&quot;_animation&quot;:&quot;fadeInUp&quot;}\" data-widget_type=\"text-editor.default\">\n\t\t\t\t<div class=\"elementor-widget-container\">\n\t\t\t\t\t\t\t\t\t<p><strong>2024<\/strong><\/p><p>Petra Effing<\/p><p>Ben Uythoff-Meyer<\/p><p>Christiane K\u00f6rling<\/p><p>Brandt Immotec<\/p><p>Ais Architekten<\/p><p>Firma SkelTech<\/p><p>Torsten P. Wagener<\/p><p>Frau Erika Spreckelmeyer<\/p><p>Frau Carina Kramer<\/p><p>Autohaus Kramer in Olsberg<\/p><p>Ludger Becker<\/p><p>Tobias Kaiser<\/p><p>Gunther und Gerlinde Schmied<\/p><p>Reifen Pinke GmbH<\/p><p>Hans Witteler GmbH<\/p><p>Auto K\u00f6chling GmbH<\/p><p>Lange und Brandenburg Ingenieurb\u00fcro<\/p><p>Haustechnik Freisen GmbH<\/p><p>Sabine Bastmann<\/p><p>Dirk Schauerte<\/p><p>Mues und Potthof oHG<\/p><p>Ingrid und Egon Specht<\/p><p>Frau Margret Pfingsten-Brohm<\/p><p>Frau Leonie Drewes<\/p><p>Thomas und Michaela Sasse<\/p>\t\t\t\t\t\t\t\t<\/div>\n\t\t\t\t<\/div>\n\t\t\t\t<div class=\"elementor-element elementor-element-64d1fa4 elementor-widget__width-initial elementor-invisible elementor-widget elementor-widget-text-editor\" data-id=\"64d1fa4\" data-element_type=\"widget\" data-settings=\"{&quot;_animation&quot;:&quot;fadeInRight&quot;}\" data-widget_type=\"text-editor.default\">\n\t\t\t\t<div class=\"elementor-widget-container\">\n\t\t\t\t\t\t\t\t\t<p><strong>2026<\/strong><\/p><p>Thomas und Steffi Richard<\/p><p>Andrea Schneider<\/p><p>Thomas und Michaela Sasse<\/p>\t\t\t\t\t\t\t\t<\/div>\n\t\t\t\t<\/div>\n\t\t\t\t<\/div>\n\t\t\t\t\t<\/div>\n\t\t\t\t<\/div>\n\t\t\t\t<\/div>\n\t\t<div class=\"gsp_post_data\" data-post_type=\"page\" data-cat=\"\" data-modified=\"120\" data-title=\"Helfen Sie mit\" data-home=\"https:\/\/schulte-schmelter-stiftung.org\"><\/div>","protected":false},"excerpt":{"rendered":"<p>Infos f\u00fcr F\u00f6rderer In Zeiten schrumpfender Budgets wird auch die Finanzierung unserer Arbeit immer schwieriger. Die Jugend\u00e4mter als zust\u00e4ndige Kostentr\u00e4ger [&hellip;]<\/p>\n","protected":false},"author":1,"featured_media":0,"parent":0,"menu_order":0,"comment_status":"closed","ping_status":"closed","template":"","meta":{"site-sidebar-layout":"no-sidebar","site-content-layout":"","ast-site-content-layout":"full-width-container","site-content-style":"default","site-sidebar-style":"default","ast-global-header-display":"","ast-banner-title-visibility":"","ast-main-header-display":"","ast-hfb-above-header-display":"","ast-hfb-below-header-display":"","ast-hfb-mobile-header-display":"","site-post-title":"disabled","ast-breadcrumbs-content":"","ast-featured-img":"disabled","footer-sml-layout":"","ast-disable-related-posts":"","theme-transparent-header-meta":"","adv-header-id-meta":"","stick-header-meta":"","header-above-stick-meta":"","header-main-stick-meta":"","header-below-stick-meta":"","astra-migrate-meta-layouts":"default","ast-page-background-enabled":"default","ast-page-background-meta":{"desktop":{"background-color":"var(--ast-global-color-5)","background-image":"","background-repeat":"repeat","background-position":"center center","background-size":"auto","background-attachment":"scroll","background-type":"","background-media":"","overlay-type":"","overlay-color":"","overlay-opacity":"","overlay-gradient":""},"tablet":{"background-color":"","background-image":"","background-repeat":"repeat","background-position":"center center","background-size":"auto","background-attachment":"scroll","background-type":"","background-media":"","overlay-type":"","overlay-color":"","overlay-opacity":"","overlay-gradient":""},"mobile":{"background-color":"","background-image":"","background-repeat":"repeat","background-position":"center center","background-size":"auto","background-attachment":"scroll","background-type":"","background-media":"","overlay-type":"","overlay-color":"","overlay-opacity":"","overlay-gradient":""}},"ast-content-background-meta":{"desktop":{"background-color":"var(--ast-global-color-4)","background-image":"","background-repeat":"repeat","background-position":"center center","background-size":"auto","background-attachment":"scroll","background-type":"","background-media":"","overlay-type":"","overlay-color":"","overlay-opacity":"","overlay-gradient":""},"tablet":{"background-color":"var(--ast-global-color-4)","background-image":"","background-repeat":"repeat","background-position":"center center","background-size":"auto","background-attachment":"scroll","background-type":"","background-media":"","overlay-type":"","overlay-color":"","overlay-opacity":"","overlay-gradient":""},"mobile":{"background-color":"var(--ast-global-color-4)","background-image":"","background-repeat":"repeat","background-position":"center center","background-size":"auto","background-attachment":"scroll","background-type":"","background-media":"","overlay-type":"","overlay-color":"","overlay-opacity":"","overlay-gradient":""}},"footnotes":""},"class_list":["post-102","page","type-page","status-publish","hentry"],"jetpack_sharing_enabled":true,"_links":{"self":[{"href":"https:\/\/schulte-schmelter-stiftung.org\/index.php\/wp-json\/wp\/v2\/pages\/102","targetHints":{"allow":["GET"]}}],"collection":[{"href":"https:\/\/schulte-schmelter-stiftung.org\/index.php\/wp-json\/wp\/v2\/pages"}],"about":[{"href":"https:\/\/schulte-schmelter-stiftung.org\/index.php\/wp-json\/wp\/v2\/types\/page"}],"author":[{"embeddable":true,"href":"https:\/\/schulte-schmelter-stiftung.org\/index.php\/wp-json\/wp\/v2\/users\/1"}],"replies":[{"embeddable":true,"href":"https:\/\/schulte-schmelter-stiftung.org\/index.php\/wp-json\/wp\/v2\/comments?post=102"}],"version-history":[{"count":85,"href":"https:\/\/schulte-schmelter-stiftung.org\/index.php\/wp-json\/wp\/v2\/pages\/102\/revisions"}],"predecessor-version":[{"id":1289,"href":"https:\/\/schulte-schmelter-stiftung.org\/index.php\/wp-json\/wp\/v2\/pages\/102\/revisions\/1289"}],"wp:attachment":[{"href":"https:\/\/schulte-schmelter-stiftung.org\/index.php\/wp-json\/wp\/v2\/media?parent=102"}],"curies":[{"name":"wp","href":"https:\/\/api.w.org\/{rel}","templated":true}]}}